y + 34*y = -37596. What are the prime factors of y?
2, 3, 241
Let w = -21709 - -32121. List the prime factors of w.
2, 19, 137
Let h be -1 + -2 + 7/(14/16). Suppose -h*y + 2480 = -115. List the prime factors of y.
3, 173
Let u be (80/30)/(2/3). What are the prime factors of (u + 9/(-2))*-730?
5, 73
Let v(n) = 145 - 100*n - 65 - 110. What are the prime factors of v(-5)?
2, 5, 47
Suppose 1657 = 7*m + 607. Suppose -8 = -5*s + s, -2*v + s = -m. List the prime factors of v.
2, 19
Let z be 162/540 - (-41234)/20. Suppose n = 2*j + 409, -4*n - 426 + z = j. What are the prime factors of n?
409
Let s be -1*(-17006)/11 + 3 + -1. Let k = s + -1081. What are the prime factors of k?
467
Let h = 35583 + -17727. What are the prime factors of h?
2, 3, 31
Let q = -6107 + 28517. List the prime factors of q.
2, 3, 5, 83
Suppose 3*z = -2*u + 119648, -75996 = -2*z - 5*u + 3773. List the prime factors of z.
2, 3, 17, 23
Suppose 0 = -27*p + 338372 - 94373. What are the prime factors of p?
7, 1291
Suppose d = -4, 0*k + 2*k + 5*d + 18 = 0. Suppose 8*b + 3*u = 3*b - k, -2*b - 5*u - 8 = 0. What are the prime factors of b + -5 + (0 - -39)?
5, 7
Let h = -52 + 56. Let x(v) = h*v**2 + 11*v + 7*v + 4*v - 7*v - 2. What are the prime factors of x(-4)?
2
Suppose 0*y - 2 = 2*y. List the prime factors of 4 + y + 0 + -1 + 111.
113
Let u(g) = 2*g**3 - 2*g**2 + 2. Let y be u(1). Suppose -3*r + q + 28 = 0, y*r + q = -q + 16. Suppose -6*x = -r*x + 630. List the prime factors of x.
2, 3, 5, 7
Suppose -10*g = 5*s - 15*g - 116940, s + g = 23392. What are the prime factors of s?
2, 5, 2339
Let q be (-5)/20*206*-2. Let o = q + -92. Suppose 0 = 5*b - o + 1, -b - 34 = -4*p. List the prime factors of p.
3
Suppose 0 = 3*q + 4*p - 450, 3*q + 150 = 4*q - 3*p. Suppose -13*t = -16*t + q. What are the prime factors of t?
2, 5
Let n = -351 - -355. List the prime factors of 1152/n + 1*12/(-3).
2, 71
Let x = 218 - 63. Let v = 134 - x. List the prime factors of -1*(-7)/(v/(-711)).
3, 79
Let m(z) = 548*z**2 - 3*z. Let b(s) = -2*s**2 + 13*s + 6. Let h be b(7). What are the prime factors of m(h)?
19, 29
Suppose 0 = 3*q - 61480 - 35663. List the prime factors of q.
32381
Let u = -16 + 32. Suppose -21*v + 4860 = -u*v. Suppose 5*g - v = -g. List the prime factors of g.
2, 3
Let m(d) = 2*d**2 - 17*d + 107. Suppose 7*j + 31 = 185. List the prime factors of m(j).
701
Suppose 8*p - 21874 = 70270. List the prime factors of p.
2, 13, 443
Suppose -3*c - 4*k - 25 = -39, 5*c = 3*k + 33. List the prime factors of 405/c*12/9.
2, 3, 5
Let b(w) = -1207*w - 3743. List the prime factors of b(-56).
3, 21283
Suppose 0 = 2*b - 5*k - 17, -5*b - 12*k - 40 = -8*k. Let s(u) = -5*u**3 + u**2 + 2*u + 21. List the prime factors of s(b).
349
Let a = 8118 - -15542. List the prime factors of a.
2, 5, 7, 13
Suppose r - 28815 - 3645 = -3*r. What are the prime factors of r?
3, 5, 541
Let i(o) = 550*o + 1237. List the prime factors of i(4).
7, 491
Suppose 0 = -4*u + 7 + 1, -2*s + 3*u = 182. Let n = -42 - 127. Let i = s - n. List the prime factors of i.
3
Suppose -5*x = -5*u - 230, -3*x + 16*u = 20*u - 166. List the prime factors of 4/20 + 16140/x.
17, 19
Let t = 120505 + -37865. List the prime factors of t.
2, 5, 1033
Let g(d) = -3*d + 11. Let u be g(3). Suppose -2*h - 325 = -3*v + 4573, -u*v = -2*h - 3268. List the prime factors of v.
2, 5, 163
Suppose 151*z = 183863 + 53660. What are the prime factors of z?
11, 13
What are the prime factors of (-803 - (-12)/(-2))/(-2 + 25/13)?
13, 809
Let v(x) = x**3 - 6*x**2 - 7*x + 8. Let o be v(7). Let p = -367 + 361. List the prime factors of 15/(o/((-208)/p)).
5, 13
Let z be 24*(-3)/126*-7. Suppose -645 = -z*a - 3*x, -483 = -5*a + 2*a - 2*x. List the prime factors of a.
3, 53
Suppose -31*v + 143142 = -28*v - 3*x, 4*v - 190814 = -2*x. List the prime factors of v.
11, 4337
Let m(h) = -1755*h**3 - 7*h**2 - 10*h - 8. List the prime factors of m(-2).
2, 1753
What are the prime factors of ((0 - -6 - 0) + 336/(-63))*3585?
2, 5, 239
Let c(q) = 260*q + 53. Let t be c(2). Let m = -54 + t. What are the prime factors of m?
3, 173
Let d(a) = 18 + a**2 - 3*a - 766*a**3 + 765*a**3 - 16*a**2. Let n be d(-15). Suppose 4*f - 532 = 4*i, f - n - 94 = -5*i. What are the prime factors of f?
137
Suppose x = -x + 2*j + 14, -5*j = -15. Let s be ((-33)/(-5))/(38/x - 4). List the prime factors of (880/s)/(1/(-3)).
2, 5
Suppose -r = -3*p + 3*r + 9252, -r = 4*p - 12336. What are the prime factors of p?
2, 3, 257
Suppose 147*u + 5*p = 146*u + 25085, 0 = 4*u + p - 100321. What are the prime factors of u?
2, 3, 5, 11, 19
Suppose -5*r = q - 67670, 6*q + 4*r = -113691 + 519503. List the prime factors of q.
2, 5, 6763
List the prime factors of 76323/78*(19 - -3) - (1 - 5).
3, 7177
List the prime factors of (5/10)/((-6)/(-228))*646.
2, 17, 19
Let d(h) = -h**2 - 4*h + 11. Let k be d(-5). Suppose -5*w = z - 60, 5*w = z + k*w - 80. Suppose 6*m - z = m. List the prime factors of m.
17
Let c = 24597 + 7363. What are the prime factors of c?
2, 5, 17, 47
Suppose -3 = 5*a + 2. Let f be -5 + (4/(-8))/(a/6). Let g(n) = -97*n + 2. What are the prime factors of g(f)?
2, 7
Let x = 528 + -526. What are the prime factors of (x - 0) + 1 - (33 + -360)?
2, 3, 5, 11
Let u = 9695 + -6076. What are the prime factors of u?
7, 11, 47
Suppose 343*y = 326*y + 139672. List the prime factors of y.
2, 13, 79
Suppose -29*k = -31*k + 2752. Let j = -765 + k. List the prime factors of j.
13, 47
Let s = 24228 - 11443. List the prime factors of s.
5, 2557
Suppose 0 = -6*f + 13*f + 6*f - 151164. What are the prime factors of f?
2, 3, 17, 19
Suppose 0 = 5*q - 9 - 26. Suppose 3*t = 2*t - 5*n - q, -5*n = -3*t + 19. Let l(k) = 34*k + 2. List the prime factors of l(t).
2, 13
Let t(z) = 7927*z + 661. What are the prime factors of t(2)?
3, 5, 367
What are the prime factors of (((-50413)/(-231))/(1/(-3)))/((-11)/77)?
4583
Suppose 3*j + 3*h - 76708 - 17810 = 0, -6*h + 31466 = j. What are the prime factors of j?
2, 7, 2251
Let y(j) = -24*j - 9. Suppose 5*a + 169 = 44. What are the prime factors of y(a)?
3, 197
Suppose 2*i + 742 = 78. Let a = -158 - i. What are the prime factors of a?
2, 3, 29
Let p(b) = 2*b**2 - b - 8. Let w = 50 + -56. Let u be p(w). Let m = u + -65. What are the prime factors of m?
5
Suppose -11 = x + 4*o - 2*o, 2*x + 5*o = -26. What are the prime factors of ((-25095)/(-175))/(x/(-10))?
2, 239
Let f(a) = -a**3 - 12*a**2 + 14*a + 22. Let i be f(-13). Let g(x) = x**3 - 6*x**2 + 3. What are the prime factors of g(i)?
2, 3, 41
Let x(m) = 3*m**2 - 14*m - 17. Suppose 10*l + 9 = -71. Let o be x(l). Let n = o + -159. What are the prime factors of n?
2
Let z(k) = 370*k + 272. Let x be z(5). Let l = x + -1310. List the prime factors of l.
2, 7, 29
Let i be (-2)/4*(6 + (-4 - 5408)). Let a = -1545 + i. Suppose -12*t + 18*t = a. List the prime factors of t.
193
Let l(x) = -x**3 + 368 - 746 - 13*x + 362 - 9*x**2. List the prime factors of l(-10).
2, 107
Let q(s) = 17*s + 14*s + 13*s + 76 - 40*s. List the prime factors of q(-13).
2, 3
What are the prime factors of 744/((-160)/(-60)*(15/100 + 0))?
2, 3, 5, 31
Suppose -47*t = -54*t + 413. Let q = 130 - t. List the prime factors of q.
71
Let s = -8038 - -8062. Let u be 0/2 + 237 + -1. Let w = s + u. What are the prime factors of w?
2, 5, 13
Let w(n) = -n**2 - n + 13. Let y(s) = -2*s**2 - 3*s + 38. Let o(g) = -11*w(g) + 4*y(g). Let v be o(-12). List the prime factors of 3 - v/(-13) - 2/(-13).
2, 19
Let z(o) = o**2 + 32*o + 11. Let j = 488 + -526. List the prime factors of z(j).
239
Suppose -2*j = -4*l + 41764, -l + 13246 = -5*j + 2787. Suppose -33*c + l = -20*c. What are the prime factors of c?
11, 73
Suppose 4*r - 450 = -2038. Let k = r + 884. List the prime factors of k.
487
Suppose 15*v + 255 = 75. Let h(c) = -36*c - 42. What are the prime factors of h(v)?
2, 3, 5, 13
Let n be (-116)/(-2030) - 5769/(-105). Suppose q = -53 + 15. Let c = n + q. List the prime factors of c.
17
Let l = -2072 + 3044. List the prime factors of l/(18/81*3).
2, 3
Let j(d) = -d - 9. Let h be j(-12). Suppose -5*b + 824 = -h*b - 4*k, -4*b = 3*k - 1692. Suppose -3*s - 4*s = -b. List the prime factors of s.
2, 3, 5
Let g(x) = -99*x + 48. Let n = 214 - 217. What are the prime factors of g(n)?
3, 5, 23
Let y be 4*-1*(-171)/12. Suppose 0 = -y*j + 65*j - 